r when 9084282 is divided by 1084.
362
Calculate the remainder when 1164135 is divided by 640.
615
What is the remainder when 489303 is divided by 23298?
45
Calculate the remainder when 112898532 is divided by 8834.
12
Calculate the remainder when 10459132 is divided by 129.
70
Calculate the remainder when 72497 is divided by 36208.
81
What is the remainder when 14578119 is divided by 43?
1
What is the remainder when 7501292 is divided by 159?
149
Calculate the remainder when 29941 is divided by 3152.
1573
What is the remainder when 31797512 is divided by 3179748?
32
Calculate the remainder when 14524250 is divided by 402.
392
Calculate the remainder when 5375001 is divided by 56.
9
What is the remainder when 2028692 is divided by 4326?
4124
What is the remainder when 16126399 is divided by 142711?
56
What is the remainder when 209408 is divided by 1940?
1828
Calculate the remainder when 1540405 is divided by 33.
31
What is the remainder when 58062 is divided by 57631?
431
Calculate the remainder when 788799 is divided by 1362.
201
What is the remainder when 5760309 is divided by 112947?
12
What is the remainder when 2132292 is divided by 17769?
12
Calculate the remainder when 125243892 is divided by 609.
606
Calculate the remainder when 80251624 is divided by 20240.
24
Calculate the remainder when 12784331 is divided by 374.
263
What is the remainder when 22348 is divided by 2479?
37
Calculate the remainder when 62506 is divided by 4807.
15
What is the remainder when 19169 is divided by 756?
269
What is the remainder when 401871 is divided by 813?
249
Calculate the remainder when 85885 is divided by 1323.
1213
What is the remainder when 1698514505 is divided by 1210?
1205
What is the remainder when 1028984 is divided by 121?
0
What is the remainder when 2084768 is divided by 694919?
11
Calculate the remainder when 633271 is divided by 105545.
1
Calculate the remainder when 3289431 is divided by 89.
80
What is the remainder when 10136527 is divided by 31?
23
What is the remainder when 42553 is divided by 6023?
392
Calculate the remainder when 252501 is divided by 158.
17
What is the remainder when 17315538 is divided by 34?
18
Calculate the remainder when 62571922 is divided by 36.
34
Calculate the remainder when 22741891 is divided by 48.
19
Calculate the remainder when 9043435 is divided by 317.
59
What is the remainder when 131886 is divided by 426?
252
What is the remainder when 1860421 is divided by 124028?
1
What is the remainder when 358017419 is divided by 30?
29
What is the remainder when 49983 is divided by 524?
203
What is the remainder when 1107586 is divided by 509?
2
What is the remainder when 7984 is divided by 186?
172
Calculate the remainder when 520541 is divided by 12691.
210
Calculate the remainder when 2512536 is divided by 628119.
60
Calculate the remainder when 3148837 is divided by 314852.
317
Calculate the remainder when 570221 is divided by 2448.
2285
Calculate the remainder when 1096529 is divided by 365508.
5
What is the remainder when 198800 is divided by 49679?
84
Calculate the remainder when 153929 is divided by 37.
9
What is the remainder when 6594300 is divided by 732700?
0
What is the remainder when 91526228 is divided by 305?
303
Calculate the remainder when 5339914 is divided by 123.
115
What is the remainder when 1300155 is divided by 12151?
12149
What is the remainder when 6715154 is divided by 621?
281
Calculate the remainder when 787761 is divided by 913.
755
Calculate the remainder when 10774013 is divided by 3416.
3365
Calculate the remainder when 39959787 is divided by 7991956.
7
Calculate the remainder when 42123530 is divided by 2546.
2506
Calculate the remainder when 286806 is divided by 1281.
1143
Calculate the remainder when 44061159 is divided by 44061110.
49
What is the remainder when 168222138 is divided by 84111069?
0
Calculate the remainder when 3839141 is divided by 1278.
29
What is the remainder when 12092 is divided by 2681?
1368
What is the remainder when 16820 is divided by 4757?
2549
What is the remainder when 45279 is divided by 9050?
29
What is the remainder when 76842720 is divided by 25614240?
0
What is the remainder when 42740 is divided by 356?
20
What is the remainder when 2739228 is divided by 5?
3
What is the remainder when 24794 is divided by 1901?
81
What is the remainder when 477576 is divided by 238766?
44
Calculate the remainder when 724089 is divided by 241337.
78
Calculate the remainder when 129295 is divided by 1782.
991
What is the remainder when 4803971 is divided by 250?
221
What is the remainder when 2804236 is divided by 2848?
1804
What is the remainder when 55678233 is divided by 52?
13
What is the remainder when 9396989 is divided by 94?
91
Calculate the remainder when 7136281 is divided by 1427241.
76
Calculate the remainder when 466952 is divided by 500.
452
What is the remainder when 7488986 is divided by 1812?
1802
What is the remainder when 11978535 is divided by 7190?
7185
Calculate the remainder when 144070 is divided by 20467.
801
What is the remainder when 438589 is divided by 219293?
3
What is the remainder when 2245918 is divided by 1122851?
216
What is the remainder when 39106087 is divided by 3?
1
What is the remainder when 10058910 is divided by 838242?
6
What is the remainder when 5159974 is divided by 68?
66
Calculate the remainder when 1070603 is divided by 512.
11
What is the remainder when 50854414 is divided by 101?
5
Calculate the remainder when 496339 is divided by 495831.
508
Calculate the remainder when 11737 is divided by 1523.
1076
Calculate the remainder when 17770560 is divided by 846214.
66
What is the remainder when 66388 is divided by 678?
622
What is the remainder when 10642334 is divided by 8453?
7
What is the remainder when 2626529 is divided by 3465?
59
What is the remainder when 4941746 is divided by 592?
322
Calculate the remainder when 47123 is divided by 825.
98
Calculate the remainder when 541907 is divided by 10608.
899
What is the remainder when 9451800 is divided by 3150540?
180
Calculate the remainder when 17578975 is divided by 1942.
1933
What is the remainder when 8271452 is divided by 4135698?
56
Calculate the remainder when 427213 is divided by 95.
93
What is the remainder when 308025 is divided by 901?
784
Calculate the remainder when 567270 is divided by 331.
267
What is the remainder when 8513861 is divided by 2859?
2618
What is the remainder when 14309670 is divided by 1?
0
Calculate the remainder when 288647936 is divided by 30.
26
What is the remainder when 18441 is divided by 2060?
1961
Calculate the remainder when 3745074 is divided by 110149.
8
Calculate the remainder when 15591773 is divided by 4230.
4223
What is the remainder when 5295235 is divided by 756458?
29
What is the remainder when 13165095 is divided by 332?
299
What is the remainder when 4267 is divided by 1277?
436
Calculate the remainder when 19324613 is divided by 280066.
59
Calculate the remainder when 298918 is divided by 99022.
1852
What is the remainder when 1547159 is divided by 83?
39
Calculate the remainder when 3396281 is divided by 107.
101
Calculate the remainder when 1353785 is divided by 893.
890
Calculate the remainder when 580550 is divided by 4959.
347
Calculate the remainder when 155248 is divided by 172.
104
Calculate the remainder when 4541891 is divided by 275.
266
What is the remainder when 91950 is divided by 29264?
4158
Calculate the remainder when 516188 is divided by 1454.
18
What is the remainder when 110093255 is divided by 18?
17
Calculate the remainder when 1026265 is divided by 171042.
13
What is the remainder when 4233245 is divided by 118?
113
Calculate the remainder when 5285177 is divided by 12.
5
What is the remainder when 10046990 is divided by 1747?
1740
What is the remainder when 2291193 is divided by 145?
48
Calculate the remainder when 9576755 is divided by 358.
255
What is the remainder when 47916 is divided by 639?
630
Calculate the remainder when 536043 is divided by 535978.
65
Calculate the remainder when 225359 is divided by 37551.
53
What is the remainder when 91215 is divided by 123?
72
What is the remainder when 848566321 is divided by 737?
735
What is the remainder when 1946099 is divided 